= 6*i - 30. What is the tens digit of i?
3
Let g(r) = r**2 + 3*r - 3. Let c(l) = -l**2 - 10*l - 13. Let t be c(-9). What is the units digit of g(t)?
1
Let m(p) = -10*p - 1. Let c = -4 - -2. What is the units digit of m(c)?
9
Let g(w) be the first derivative of w**3/3 - 2*w + 1. Let o be g(3). Let q = 8 - o. What is the units digit of q?
1
Let w be -1 - 3/((-3)/5). Suppose -5*c + 33 = -w*c. What is the tens digit of c?
3
Suppose -19 = 5*m - 4. Let z be 5 + (2 - -1)/m. Suppose z + 10 = 2*a. What is the units digit of a?
7
Suppose 121 = 4*v - f + 27, -68 = -3*v + 2*f. What is the tens digit of v?
2
Suppose -4*c + 11 + 1 = 0, z + 4*c = 14. Suppose -3*t + 24 = -z*t. What is the units digit of t?
4
Let v(u) = -u**2 + 2*u**3 + u + 2*u**3 - 5*u**3 + 1. Suppose 6*k = h + 2*k + 7, -3*h - 12 = -3*k. What is the tens digit of v(h)?
1
Let h = 0 - 2. Let j be 5*6 + 4/h. Suppose -5*t + j = 8. What is the units digit of t?
4
What is the units digit of (-2)/(((-8)/(-2150))/((-16)/40))?
5
What is the units digit of (-2 + 5)*-1 - -12?
9
What is the units digit of 1/(-3)*1*-63?
1
Let q = 0 + 2. Suppose r = -1 + q. What is the units digit of r?
1
Suppose -4*m + 28 = 5*l, 0*l - 5*m = 2*l - 18. Suppose g - 27 = l. What is the tens digit of g?
3
What is the units digit of (-6)/(-2) - (6 + -8)?
5
Suppose 3*g = 3*o - 15, 0*o + 4*o - 41 = -3*g. Suppose -o = 4*l - 52. Suppose -5*f + 2 = -6*f, -n + l = -3*f. What is the units digit of n?
5
Let n(r) = 9*r**3 + 5*r**2 - 9*r + 2. Let a(p) = -10*p**3 - 6*p**2 + 10*p - 3. Let i(c) = -5*a(c) - 6*n(c). What is the tens digit of i(-2)?
2
Let a be 4010/130 + (-4)/(-26). Suppose 1 - a = -5*x. What is the units digit of x?
6
What is the units digit of 5/(30/212) + (-8)/(-12)?
6
Let c(b) = b + 2. Let x be c(3). Suppose y + 3*y + 145 = x*t, 0 = 3*t - 5*y - 74. What is the units digit of t?
3
Let i be 2*(15/6 + -1). Suppose 1 = i*r - 2. What is the units digit of r - -20 - (3 + -1)?
9
Let m be -1*(2 - 1)*-2. Let t(f) = -f - m*f**3 + 2*f**3 + 4 - f**3 - 4*f**2. What is the units digit of t(-4)?
8
Suppose 0 = -0*p - 4*p. Let j = 5 + p. Let o = j - -3. What is the units digit of o?
8
Let g(x) = 6*x - 2. Let r be g(5). Let f = r - 12. What is the units digit of f/4 - (0 - 1)?
5
Suppose -3*h = 4*f - 164, 194 = 3*f + 2*f + h. Let t(w) = w**2 + w + 1. Let s be t(-1). What is the units digit of f/(2 - s - -1)?
9
Suppose 5*t - 6 = 4*c, -4*c - 5*t + 0 = -14. Suppose 3*q + 2 = 4*w - c, 3*q + 9 = 2*w. Let g(l) = l**3 + 5*l**2 - l + 5. What is the units digit of g(q)?
0
Suppose 5*a - 2*h = 43, 3*h = a + 1 - 7. What is the units digit of a?
9
Let j(q) = -3*q**3 + 2*q**2 - 1. Let d be j(-1). Let o = 0 + 1. Let s = d - o. What is the units digit of s?
3
Suppose 3*k + k + 12 = 0. What is the units digit of (-300)/(-16) + k/4?
8
Let m = -13 + 16. Suppose -4*t = -2*y - 2*y - 76, m*t + 5*y - 89 = 0. What is the tens digit of t?
2
Let j = 129 + -112. What is the units digit of j?
7
Suppose 0 = 7*a - 6*a + 7. Let j(q) = q**2 + 2*q + 17. What is the units digit of j(a)?
2
Let j = 14 - 9. Suppose -j*h + 17 = -3, -24 = -t - 5*h. What is the units digit of t?
4
Let z = 34 + -6. Suppose -3 + z = 5*v. Suppose -v = -2*a - 3. What is the units digit of a?
1
Suppose -5*z + 70 = -5*n, -5*z + 86 = 4*n - 11. What is the tens digit of z?
1
Suppose 0 = -4*m + 18 - 2. What is the units digit of 1/(2/240*m)?
0
Let o be (-4)/(-3)*12/8. Suppose -6*b + 3*z - 16 = -b, -2*b = -4*z + 12. What is the units digit of 9/o + (-1)/b?
5
Let d(w) = w**3 + 6*w**2 - 3*w + 6. Let g(b) = -b**2 - b - 1. Let u(q) = -d(q) + g(q). What is the units digit of u(-8)?
1
Let f = 6 - 2. Suppose -g = f*v + 16, -4*v - 11 = 2*g + 9. What is the units digit of g/14 - (-255)/35?
7
Suppose 0 = -0*a + 4*a + 112. Let y be (-8)/a - 206/(-14). What is the tens digit of (4/(-3))/((-2)/y)?
1
Let h be ((-1)/(-2))/((-3)/(-6)). Let f = h - -2. What is the units digit of f?
3
Let i be 18/(-5) - (-2)/(-5). Let v(c) = c**2 + 3*c - 2. What is the units digit of v(i)?
2
Let a = -12 + 6. Let r = a + 21. What is the tens digit of r?
1
Suppose 12*r - 14*r = -8. What is the units digit of r/2 - (-20 + 7)?
5
Let t be (12/18)/((-4)/138). Let q = t + 39. What is the tens digit of q/(-4)*(-26)/8?
1
Let q be -2 + (14 - (1 + -1)). Suppose p - r - 3*r + q = 0, 0 = -4*p + r + 27. Suppose -5 = -p*s + 3*s. What is the units digit of s?
1
Suppose 6*w + 19 - 247 = 0. What is the tens digit of w?
3
Suppose -5*i - k = -272, -5*i + 5*k = -141 - 119. What is the tens digit of i?
5
Suppose 5*s + 12 = 4*x - 0*x, s = 2*x - 6. Suppose 4*o + 5*q - 173 = s, 0 = -0*o - 3*o + 2*q + 124. Suppose b + o = 4*b. What is the tens digit of b?
1
What is the tens digit of 21120/99 - (-1)/(-3)?
1
Let r(l) = 2*l**2 + 2*l + 1. Let h be r(-1). Let f be 0 - (26*-1)/h. Let g = f - 16. What is the units digit of g?
0
Suppose 8*s - 2266 = -194. What is the units digit of s?
9
Let x(z) = -z**3 + 6*z**2 - 3*z + 3. What is the tens digit of x(4)?
2
Let s = 3 + 3. Suppose 3*n + 99 = s*n. What is the tens digit of n?
3
Let k(f) = 6*f - 1. Let a be k(1). Suppose 4 = a*s - 6. Let c = s - 1. What is the units digit of c?
1
Let v be (21 + -2 - -1) + -1. Suppose -t + v + 7 = 0. What is the units digit of t?
6
Let n = 16 - 9. Let r = n - 7. Suppose r = -3*x + 5*x + o - 26, -18 = -x - 3*o. What is the units digit of x?
2
Suppose 2*y + 3*p = -22, -p + 5*p + 1 = 3*y. Let r = y + 6. Suppose 51 = 2*d + 5*w - r, -68 = -4*d - w. What is the units digit of d?
6
Let b(s) = -5*s**2 - 5*s - 4. Let j(k) = 6*k**2 + 6*k + 5. Let y(n) = -5*b(n) - 4*j(n). What is the units digit of y(1)?
2
Let k(l) = 3*l**2 - 4*l + 3. Let t be k(3). Let u = t + 39. What is the tens digit of u?
5
Suppose 5*y + 5*l - 60 = 0, -2*y = -3*l - 11 - 3. What is the tens digit of y?
1
Let f = 1134 + -797. What is the units digit of f?
7
Let v be (3/6)/((-1)/6). Let d = v + 7. What is the units digit of d?
4
Suppose 214 = -0*h + 2*h. What is the units digit of h?
7
Let j(d) = -10*d**3 + 4*d**2 + 3. Let n(r) = 3*r**3 - r**2 - 1. Let i(b) = -2*j(b) - 7*n(b). Let k = 2 + -2. What is the units digit of i(k)?
1
What is the units digit of (54/8)/(2/8)?
7
Let m be 8/(-6)*84/(-4). Suppose 5*f = -z - 7 + m, 2*z + 2*f = 10. Suppose 2*c - z - 2 = j, c = -j. What is the units digit of c?
1
Let t(o) = -7*o**3 + o. Suppose -y - 16 = -5*p, 5 = -y + 2*p - 2. Let f be t(y). Let u = f + 0. What is the units digit of u?
6
Suppose 344 = 4*x - z, -3*z - 99 = -x - 13. What is the tens digit of x?
8
Suppose -36*v + 38*v = -180. What is the units digit of 1/(2/v*-3)?
5
Let f be (40/(-25))/(4/(-10)). Let z = 5 + -5. Suppose z = 2*j - 0*j - f. What is the units digit of j?
2
Let c(y) = y**2 + y - 6. What is the tens digit of c(6)?
3
Let f(x) = -26*x + 4. What is the tens digit of f(-2)?
5
Let y(q) = q**3 + 7*q**2 + 6*q + 4. Let o be y(-6). Suppose -5*l + 53 = -4*i, -2*l = -0*i + 3*i - 12. Let z = l - o. What is the units digit of z?
5
Suppose -5*n + 6*n = 26. What is the units digit of n?
6
Let l(r) = -13*r - 1. Let p be l(-1). What is the units digit of p/(-8) + (-11)/(-2)?
4
Let m be 57/11 - (-10)/(-55). Suppose 6 = -3*s + 3. Let c = s + m. What is the units digit of c?
4
Let r(x) = 17*x**3 - 3*x**2 + 5. What is the hundreds digit of r(3)?
4
Let t be ((-4)/6)/((-2)/9). Suppose t*a + 0 = 15. Suppose -4*b + 24 = -2*p, -30 = -a*b - 5*p + 4*p. What is the units digit of b?
6
Let y = -4 - -17. Let v = 21 - y. Let b = 9 + v. What is the tens digit of b?
1
Let i(h) = h**2 + 5*h + 4. Let s be i(-5). Suppose -s*v + 2 = -3*v. Suppose l - 8 = -0*l - 5*j, -2*l + v*j + 16 = 0. What is the units digit of l?
8
Let z(j) = 2*j - 3. Let f(y) be the first derivative of y - 1. Let t(p) = -6*f(p) - z(p). What is the tens digit of t(-8)?
1
Suppose -5*p + 3*k = -108, -p + 2*k + 86 = 3*p. What is the units digit of p?
1
Suppose 3*y - 42 = 2*o - 5*o, -4*o - 9 = -y. Let i be 0 - (2 + -1) - -10. Let k = y - i. What is the units digit of k?
4
Let f = 9 - 14. Let t = 3 - f. What is the units digit of t?
8
What is the tens digit of (-3 - -2)/(7/(-133))?
1
Let t(l) be the third derivative of -l**4/8 - l**3/6 - 2*l**2. What is the tens digit of t(-4)?
1
What is the tens digit of 12*5/(-1)*(-1 + -1)?
2
Suppose 0*b = -5*b + 300. What is the units digit of b?
0
Suppose 5